. Suppose 2*y - 216 = z*y. What is the units digit of (-4)/(-14) - y/7?
8
Suppose k + 2*m + 0 - 17 = 0, 4*k + 3*m = 48. Suppose -4*l = -k*l + 185. Suppose 5*q + 4*t = 2*q + 29, 4*t + l = 3*q. What is the tens digit of q?
1
Suppose 0*f + 4*f = 0. Suppose f = 5*m - m. Suppose 4*y - 56 + 0 = m. What is the tens digit of y?
1
Let g = 58 + -30. What is the tens digit of g?
2
Suppose 10 = -3*i + 2*i. Let q = -32 - -19. Let f = i - q. What is the units digit of f?
3
Let w(z) = z**3 + 10*z**2 + 10*z - 13. What is the tens digit of w(-8)?
3
Let p(g) = -g**2 - 4*g + 2. Let d be p(-8). Let h = 42 + d. What is the tens digit of h?
1
Let a(u) = u**3 + 2. Let o be a(2). Let z be (o/8)/(1/4). Suppose -z*b + 15 = r, -4*b - 17 = -4*r - 5. What is the units digit of r?
5
Let p(t) = -t**3 + t**2 + 3*t + 1. Suppose 5 = 3*q + 2*q. Let k = -3 + q. What is the units digit of p(k)?
7
Suppose -2*h - 5 = -7*h. Suppose 6*k = -d + 2*k + 3, -k = h. What is the units digit of d?
7
Let t = 35 + 11. What is the tens digit of t?
4
Suppose -2 = 2*w - 3*w, 176 = 3*x - 5*w. What is the units digit of x?
2
Let y(o) = 0 - 3*o + 2 + o**3 + 4*o**2 - 2 - 2. What is the units digit of y(-4)?
0
Let o(a) = -4*a - 9. Let m be o(-7). Let h = m - 6. What is the units digit of h?
3
Suppose 5*f - 4*y = 200, f + 0*y - 40 = 5*y. What is the tens digit of f?
4
Let v(a) = 2*a**2 + 7*a + 3. Let k be v(-6). Let l = -19 + k. Suppose d - 3*d = -l. What is the units digit of d?
7
What is the units digit of 17/((-52)/(-16) - 3)?
8
Let t be (5/3)/(16/336). What is the units digit of ((-42)/t)/(2/(-10))?
6
Suppose -28 = -4*c + 2*j, -2*c = -4*j - 6 - 2. Suppose 0 = -4*i + c. What is the units digit of i?
2
Suppose -5*s + 123 = -3*f, 4*s - 63 = -2*f + 31. Let k(b) = b**3 - 3*b**2 + 2*b + 4. Let i be k(4). Suppose 4*a - s - i = 0. What is the tens digit of a?
1
Suppose 4*a + 1 = -7. Let y = a + 5. Suppose 0*k = -y*k + 9. What is the units digit of k?
3
Suppose -5*f = 5*q - 65, -39 = q - 4*q + f. What is the tens digit of (q/4)/((-6)/(-72))?
3
Let o(z) be the first derivative of z**4/4 - 2*z**3/3 + 2*z**2 - 2*z + 4. What is the tens digit of o(3)?
1
Let v(c) be the third derivative of 7*c**4/12 + c**3/3 - 11*c**2. What is the units digit of v(4)?
8
Let m = -136 - -365. What is the units digit of m?
9
Suppose 4*x = 5*n - 350, 5*n + x - 6*x = 355. What is the tens digit of n?
6
Let x = -2 + -1. Let h be x/(-2)*12/9. What is the units digit of (1 - 2)/h*-26?
3
Let q = 8 - 5. Suppose -q*v = -3*a - 18, 2*a - 2*v = -3*a - 18. Let c = a - -7. What is the units digit of c?
5
Suppose 3*z + 53 - 119 = 0. What is the units digit of z?
2
Let k be ((-56)/(-21))/((-2)/(-3)). Suppose -3*v - 4*u = -0*u - 47, k*v = -5*u + 63. What is the units digit of v?
7
Let p be 5 + 2 + (-2 - -1). Let w(n) = -n**3 + 7*n**2 - 4*n + 6. What is the tens digit of w(p)?
1
Suppose 3*c + 25 + 0 = 5*q, -5*q + 25 = 5*c. Let n(d) = 2*d**2 - 2*d - 2. Let m be n(2). What is the units digit of c - (-1 + m) - -7?
6
Let w(d) = -d**3 - 3*d**2 + 5*d + 2. Let l(f) = -2*f + 8. Let u be l(6). Let m be w(u). What is the units digit of ((-1)/(-3))/(m/(-12))?
2
What is the tens digit of (-78)/(-3) + 3 + -2?
2
Let u(x) = -x**3 + 2*x**2 + 4*x + 2. Let i be u(4). Let d = i + 27. What is the units digit of d?
3
Let o(l) = -2*l**2 - 51*l - 25. What is the tens digit of o(-21)?
6
Let p(s) be the second derivative of 1/12*s**4 - 4*s + 0 - 5/2*s**2 - 1/2*s**3. What is the units digit of p(5)?
5
Let f(d) = 4*d + 1 - 3*d - 7 - 2. What is the units digit of f(10)?
2
Let j(t) = t**2 - 5*t - 5. Let i be j(6). Suppose -i + 4 = -3*r, -d = 4*r + 2. What is the units digit of d?
2
Let l be 4/2 - 0/1. Suppose l*p - 6 = -0*p. Let v(b) = b**2 - b + 3. What is the units digit of v(p)?
9
Let z = 66 - 126. What is the tens digit of (48/z)/(2/(-125))?
5
Suppose -l - 2*v - 3 = 1, 4*l - 4*v - 32 = 0. What is the tens digit of 124/l - (2 + 1)?
2
Let b(p) = 4*p**2 - 2*p - 1. Let r be ((-6)/(-2))/((-6)/(-4)). Suppose -r = 2*y - 0*y. What is the units digit of b(y)?
5
Let m be 1/(-2)*0/(-1). Suppose m = t - 2 - 3. Suppose -h + 5*b + 2 = -0*b, -10 = -t*h - 4*b. What is the units digit of h?
2
Let b = 19 + -7. Suppose -4*o + 2*c + b = -26, 23 = o - 5*c. Suppose -t - o = -3*t. What is the units digit of t?
4
Let i(u) = 7*u**2 - 2. What is the tens digit of i(-3)?
6
Let p = 94 - 13. What is the units digit of p?
1
Suppose 2*v = -2*g + 34, -2*g - 64 = -5*v - 0*v. What is the tens digit of v?
1
Suppose 26 = 3*a + 8. Suppose -3*w + a = 4*s - 2, -5*w + 25 = -5*s. Suppose 15 = w*f - 5. What is the units digit of f?
5
Let c be (2 - 1) + (-292)/(-4). Let i = -43 + c. What is the tens digit of i?
3
Suppose 12*t - 1127 = 5*t. What is the units digit of t?
1
Suppose -2*v + 3*n = 1, -v + 9 = 3*n - 13. Let h(i) = -i**3 + 7*i**2 + 3*i - 6. What is the units digit of h(v)?
5
Let i = -3 + 5. Let z = i - -10. What is the units digit of z?
2
Let k = -10 - 5. Let p = 31 + k. Let i = -8 + p. What is the units digit of i?
8
Let o be 51/(-3) + 12/(-4). Let z = 29 + o. What is the units digit of z?
9
Let y(i) = -4*i - 4. Suppose u + 4*u + 15 = 0. What is the units digit of y(u)?
8
Let n(c) = -c**2 + 10*c - 5. Let t be n(10). Let x be 6*(200/6)/t. What is the units digit of 24/x + 53/5?
0
Let w(b) be the second derivative of -b**3/6 - 7*b**2/2 - 7*b. Suppose -5*h - 2*n - 50 = -n, h = 4*n + 11. What is the units digit of w(h)?
2
Let n = 10 - 7. Suppose 2*l - 9 = -n, -2*i - 3*l = 29. Let b = i + 28. What is the units digit of b?
9
Let w = -4 + 8. Suppose 69 = w*b - b. What is the tens digit of b?
2
Suppose -310 = -3*x + 71. What is the hundreds digit of x?
1
Let d be 0/(-3 + 2/2). Suppose -2*q - 34 - 29 = -5*v, d = -5*v + 4*q + 61. What is the units digit of v?
3
Let z = -21 + 108. What is the units digit of z?
7
Let q(l) = -l**3 - 4*l**2 + 6*l. Let k be q(-7). Let y = 153 - k. What is the tens digit of y?
4
Let a(q) = -1. Let s(v) = v**2 - 5*v - 4. Let i(u) = 2*a(u) - s(u). What is the units digit of i(3)?
8
Let y(r) = 2*r**2 - 3. Let b be (4 - (-1 - -3))*2. What is the tens digit of y(b)?
2
Suppose m = -1 - 1. Let c = 0 - 9. Let v = m - c. What is the units digit of v?
7
Suppose -3*o = -0*o. Suppose o*w + w = -8. Let r = -1 - w. What is the units digit of r?
7
Let r(c) = c + 2*c - c - 2 + c. What is the units digit of r(3)?
7
Let v(u) = 2*u - 6. Let m be v(5). Suppose 0*z + m*z = 76. What is the units digit of z?
9
Let t(g) = -7*g. Let u be t(4). Let q = u + 41. What is the tens digit of q?
1
Let s be 2/(-6) - 8/3. Let a(c) = -c**3 - 4*c**2 - 3. Let w be a(s). Let g = -6 - w. What is the units digit of g?
6
Let g = -30 - -91. What is the tens digit of g?
6
Let n be (-1 - -6*2) + 0. Let o = n + -4. What is the units digit of o?
7
What is the units digit of (-205)/(-6) + (-10)/60?
4
Suppose 2 = -5*r + 7. Let d(u) = -u. Let z be d(0). What is the units digit of 2 + r + z + -2?
1
Let u(d) = -d**3 + 8*d**2 - 6*d + 7. What is the tens digit of u(7)?
1
Let i = 1 - 1. Suppose i = -2*j + 4. What is the units digit of j?
2
Let o be (-4)/8 + (-177)/6. Let p = -17 - o. What is the tens digit of p?
1
Let v = 440 + -147. What is the units digit of v?
3
Suppose -3*b + 324 = b. What is the units digit of b?
1
Suppose 703 = 5*v - 3*f, 4*v - 567 = -3*f + 17. What is the units digit of v?
3
Suppose -2*w = -a - 58 - 23, 2*a - 66 = -2*w. What is the units digit of w?
8
Let d(r) = r**2 - r + 2. Let n be d(2). Suppose -4*i + 88 = 4*q, 0*q = -2*q + n*i + 32. Suppose q - 4 = 4*f. What is the units digit of f?
4
Let z be -1 - ((0 - 0) + -4). Let c = -2 + z. What is the units digit of c + (-24)/(-3) - 2?
7
Let o = 3 + 7. Let x = o + -7. Suppose p = -x*p + 24. What is the units digit of p?
6
Suppose -36 = 2*j - 4*g + 5*g, -3*g + 36 = -3*j. What is the units digit of j/(0 - (-6)/(-3))?
8
Suppose 8*g + 4*n - 8 = 4*g, 5*g + n = 18. Suppose -4*h = g, -2*r + 4*h + 1 = -7. What is the units digit of r?
2
Suppose -4*m + 48 = -m. Let h = m - -2. What is the tens digit of h?
1
Let t(c) = -c**2 + 6*c - 5. Let l be t(6). Let z(a) = -a**3 - 5*a**2 - 5*a - 5. What is the tens digit of z(l)?
2
Let n be (-4)/(-6) + 10/3. Suppose 4 = -s + 4*v, n*v - 2 = 3*s - 14. What is the units digit of s?
8
Let c be (-1)/(0 - (-1)/(-5)). Suppose c = 5*h - 4*h. Suppo